at is (-93 - -96) + -2 + 8 + 0 - -6?
15
-1 - (19 + -3) - -14
-3
What is 2 + (4 - 1) + (5 - 4 - 4)?
2
4 - -24 - (29 + -1)
0
What is the value of -5 + -10 + (7 - (-1 - 1))?
-6
Evaluate (14 - (18 - -20)) + 20.
-4
What is 418 + -428 + -2 + (5 - 0)?
-7
Evaluate (4 - (7 + -1)) + 13.
11
What is -5 + 0 - (-2 + 3) - (-2 - -8)?
-12
What is the value of -12 + 9 + -6 + 18?
9
(-9 - -5 - -1) + 4 + 1 + -1
1
What is -3 + -2 + 1 - (-26 + 12)?
10
Calculate 13 + (0 + (-1 - 2) - 4).
6
2 + 0 - 2 - (-681 + 671)
10
What is (-2 - (22 - 3) - -15) + -2 + -29?
-37
What is the value of 12 - 1 - 19 - (1 - 10)?
1
Evaluate 12 - (-4 - 0) - 21 - 9.
-14
(-685 - -666) + 11 + (-2 - 0)
-10
What is the value of -3 + (23 - 20 - 4) + (1 - -29)?
26
9 + -8 + 7 + -24 + (-7 - -11)
-12
Calculate 5 + (1 - 9 - (-4 - -3)).
-2
Evaluate -20 + (9 - (15 + 9 + -16)).
-19
What is (60 - 51 - (0 - -4)) + 13?
18
Calculate -3 - (6 + -5 + (-9 - -14)).
-9
-9 + -4 + 18 - (0 + (5 - 18))
18
What is -12 - -4 - (-8 + 2 - 5)?
3
-439 + 442 - (1 + (1 - -2) - 2)
1
What is -21 + (3 - (-25 - -14))?
-7
What is -21 + 25 + (-3 - (3 + -2 - 2))?
2
What is (-21 - -1 - -2) + -1154 + 1167?
-5
What is the value of (-8 - 21 - (10 + 4)) + 9?
-34
What is the value of -24 + 38 + -17 - 12?
-15
Calculate 0 + -29 + 0 - (-94 + (166 - 80)).
-21
What is 5 + (8 + -18 - -1)?
-4
What is the value of -1786 - -1781 - (-14 - (1 + -1))?
9
17 - (-27 + 51 - 20)
13
(-12 - (3 - (-5 - -3))) + (-5 - -7)
-15
What is the value of 1 - 12 - (822 + -813)?
-20
Evaluate -145 + 133 + 3 + -14.
-23
Calculate -20 - -11 - (-2 - 4) - -9.
6
Calculate 7 + 1 + -3 + (4 - 18).
-9
Evaluate 6 - ((-1 - (-3 + -4) - -12) + -1).
-11
-3 + (7 - (6 - 3)) + 2
3
Evaluate (10 + -12 - -6) + 0 + -3 + -4.
-3
0 - -23 - (-16 + (10 - -3) + -3)
29
What is the value of (21 + -7 - 21) + -7 + 24?
10
(-15 - 1) + (18 - 24) - -5
-17
What is -7 + (-7 - (0 - 8)) - (-21 - -2)?
13
Calculate -2 + 7 + (-10 - -7) + 8.
10
Evaluate (18 - (-8 + (-9 - -6))) + (-1 - 5).
23
What is 43 - 33 - -20 - 16?
14
What is 15 - 0 - (124 + -94)?
-15
What is the value of -11 - (-19 + 4 + 4)?
0
Calculate 24 - (-46 - -81) - -8.
-3
What is the value of 1 - 22 - (50 + -47 + 13)?
-37
(-8 - -7 - -6) + -5 + (-3 - -7)
4
(-4 - 28 - -34) + 0 + -11
-9
What is -11 - (1 - 24 - -17)?
-5
What is 127 + -113 + 0 + -14?
0
Calculate 0 + 4 + (278 - 284).
-2
Evaluate 8 + (-11 - (-6 - -16)).
-13
Calculate -6 - -1 - (-42 + 1 - -39) - -37.
34
6 + 5 + 10 + -14
7
What is the value of -9 + (-11 - (-14 - 10 - -1))?
3
Calculate -5 + -30 + -18 + 36.
-17
What is 2 + -6 + -3 + -9 + 4?
-12
(18 + -3 - -6) + 9
30
Evaluate 9 - (-2 + 6) - (3 - 0) - -24.
26
Evaluate -6 + -9 - -5 - -10.
0
Calculate (-47 - 1) + 852 + -830.
-26
Evaluate -25 + 28 + 23 + -19.
7
Calculate -1 + -22 - (-26 - -2).
1
What is -12 - (11 + -15) - -15?
7
(-119 - -104) + (-2 - (-5 + 8 - 5))
-15
Calculate (536 - 498) + (-20 - -1).
19
(86 - 103) + 2 + 14
-1
-17 + (7 - -4) + 4 + -1 + 0
-3
-5 - (0 - -1) - (-22 + -9 - -29)
-4
What is 4 + (-10 - -9 - 7) - 1?
-5
Evaluate -7 - (24 + 22) - -29.
-24
What is the value of 9 - (-6 - (-20 + 10) - -4)?
1
Evaluate (4 - (4 - 10)) + (-3 - 22).
-15
Evaluate -26 + (-41 - -38 - 1).
-30
Evaluate (-2 - (-19 + (6 - -3))) + (12 - 0).
20
What is 9 + -48 + 17 + 6 - -7?
-9
(-28 - (-20 - 20)) + -22
-10
What is the value of -10 - ((12 - -5 - 1) + 1 + -10)?
-17
What is (3 - 0) + -23 + 27 + -13?
-6
Calculate (1 - -2 - -2) + 38 + -41 - -1.
3
-6 + 8 + (-15 + -1 - -10)
-4
Evaluate (23 - -6) + -20 + -2 + 9.
16
Evaluate 6 - (-8 + 5 - (1 - (2 - -3))).
5
What is the value of 33 + -36 + (15 - 0)?
12
Evaluate 1 + -3 + (-43 + 14 - -13) + 11.
-7
What is (2 - 7 - (-9 + -18) - 5) + 6?
23
Evaluate 0 - 48 - (-80 - (-146 + 83)).
-31
2 + 15 + -13 + -1 + (1 - -6)
10
-5 - -17 - (8 + -3 + -7)
14
-2 - (8 + 23 + -28)
-5
7 + -10 + (8 + -1 - 8)
-4
Calculate -13 + -5 + (-30 - -31).
-17
Evaluate (-7 - -14) + -15 - (-2 - 1).
-5
What is the value of -4 + -7 - (32 - 23)?
-20
Evaluate 1 - 5 - -13 - (5 - (-5 - -13)).
12
Evaluate 12 - 2 - 32 - -29.
7
What is the value of -5 + 9 + (30 - (20 + -9))?
23
Evaluate (3 - 12) + 18 + -14.
-5
What is -2 - (-26 - (12 - 41) - (11 + 0))?
6
Evaluate (-20 - -8 - 7) + 14.
-5
What is the value of 6 + 2 + 11 + -3 + 1 + -6?
11
Evaluate (-7 - (-8 + (-5 - -1)) - 3) + -2.
0
What is 0 + -2 - (-13 + (8 - 17) + 15)?
5
What is 0 - 2 - (31 + -36)?
3
Calculate 7 - ((-5 - -4) + -13 + 10).
11
Evaluate 4 + (4 - 7) + 8 + -2 - 5.
2
Evaluate 6 - -36 - 28 - 44.
-30
Calculate (7 - 36 - -39) + (-6 - 1).
3
Evaluate -92 + 89 + (-4 + 0 - -23).
16
(-1 - -23) + -34 + (-39 - -60)
9
Calculate 42 - (10 + 15 + (-32 - -16)).
33
-5 - (3 + (-5 - -5) - 5)
-3
Calculate (-61 - -59) + 14 - (0 - (10 - 1)).
21
What is -5 + (-1 - -15) + -4 + 32?
37
What is the value of 10 - (1 + -8 + 7)?
10
What is the value of 2 - 2 - (-6 - 0) - (1 - 3)?
8
Evaluate -537 - -549 - (2 + -8).
18
What is 3 + -3 + 1 + 22 + (-6674 - -6683)?
32
What is (0 - -2) + (-19 - 5) + 15 + -12?
-19
What is (3 + 0 - (-151 - -139)) + -15?
0
What is the value of -2 - (0 + 7 + (4 - 4) + -20)?
11
Calculate -7 - (-3 + -4) - (-3 - -10) - -24.
17
-17 + -4 + (21 - -8)
8
12 + -1 - 8 - 1
2
Calculate 24 + (-34 - 2 - -26).
14
What is the value of -16 + 15 + -3 + (-2 - (0 + 2))?
-8
(-7 - -2) + (18 + -3 + -27 - -22)
5
Evaluate -8 + (1 - (3 - (5 - -4)) - 3).
-4
Evaluate (4 - 28) + (13 - -4) + -3.
-10
What is (58 - 35) + 5 + -18?
10
-5 + (27 - ((8 - 0) + -10 - 2))
26
7 - 1 - (7 + (-10 - -30))
-21
Evaluate -1 - -7 - (1 - 5).
10
0 - (-32 - (-7 - (-12 - -10) - 6))
21
45 + -53 - (-1 - (-11 - -2))
-16
Calculate -41 + -4 + 42 - -2.
-1
(56 - 65) + 1 + 0 + -3 + 17
6
Calculate 20 + -25 - (1 + -3).
-3
-7 + 5 + (-44 - -32)
-14
Evaluate -3 - (6 - 0) - ((-7 - -4) + 1).
-7
What is the value of -7 - (9 + -7 + 9) - -7?
-11
(-9 - (-19 + 8)) + 2
4
What is the value of -40 + 27 + 15 + 10?
12
Calculate 7 - (14 + -17 - 1).
11
Calculate 12 + -8 + 20 + -17.
7
What is the value of -18 - -52 - (-16 + 33)?
17
What is -15 + -10 + -11 + 15?
-21
Evaluate 1 - (6 + -16 + (1 - -6 - 4)).
8
Evaluate -6 - -9 - (-10 - 11 - -27).
-3
What is 0 + -26 + 15 + 22?
11
What is -49 + 62 + (0 + -3 - 6)?
4
What is (73 - 85 - (-2 - 15)) + -1 + 0?
4
What is the value of -16 - ((10 + -9 - -19) + -16)?
-20
What is 1 + -20 + 3 + 19?
3
(-1 - (-6 + 5) - (3 + -9)) + -3
3
What is the value of 1 - 11 - ((-6 - 1) + 8 + -7)?
-4
Calculate (-7 - (-2 + 0)) + (-75 - -87).
7
What is 12 + 3 + -12 + 3 + 2?
8
What is the value of 5 + 1 + -58 + 14 + 11?
-27
(-15 - 2) + -10 + 17 + 8
-2
-8 + 3 - (11 + (-8 - 6))
-2
Calculate 1 + -2 + -6 - (-118 + 112).
-1
16 + -72 + (0 - -31)
-25
Calculate 254 - 257 - (-6 + 3 + 2 + 6).
-8
Evaluate 32 + -28 - (18 + -2).
-12
-30 + 52 + -6 - 33
-17
Calculate 2 - 7 - (-7 - -15 - (-6 + -1)).
-20
Calculate -1 - 6 - (-27 - (-52 - -19)).
-13
Calculate (13 - -17 - 22) + -7.
1
Evaluate 1 + (-27 - -5 - -31).
10
What is (-32 - -16 - -56) + -12 + 1?
29
(21 - 21) + -9 + -7
-16
What is the value of -1 + 23 - ((-19 - 1) + 38 - 24)?
28
What is (1 - -2 - (0 - -8) - -4) + 2?
1
Calculate 215 + -229 - (-4 - -1).
-11
Evaluate 7 + (8 - (-13 - -14)) - (2 - 1).
13
What is the value of -20 - (-3 - (20 + -19))?
-16
Evaluate 4 + (9 + 3 - (3 + 4) - 45).
-36
Calculate -18 + 38 + -22 - -7.
5
What is the value of (-7 - (-5 + 8) - -20) + -13?
-3
What is the value of (-6 - 32) + 61 - (3 - 10)?
30
Calculate 1 + 6 - (-6 - -11) - (7 + -3).
-2
Calculate -1 + (-1 - (-17 - -6)) + 9.
18
-22 + 32 + 9 - 39
-20
Evaluate (0 - (28 - 27)) + -7.
-8
Evaluate (20 - 2) + (-25 + 26 - 11).
8
What is -62 - -90 - (9 - -1) - -2?
20
2 + -1 + (-13 - (-20 + 11))
-3
Evaluate 6 + 12 + 6 - 2.
22
-2 + -2 + 6 + (-8 - (2 - -1))
-9
Evaluate 23 + (22 - 9) + -31.
5
What is 15 + -23 + (7 + 4 + -1 - -1)?
3
Calculate -10 - (-35 + 14) - 20.
-9
Calculate 7 + 19 + -19 + 11.
18
What is the value of 1 - (3 + (4 - -9) + -9)?
-6
17 + 8 + -14 + -13 + 22
20
What is the value of -15 + 14 + -8 - -16?
7
Evaluate (-1 - -1) + (1 - -2) + -6.
-3
What is -10 - (2 + (-19 - (-5 - -3)))?
5
What is the value of 2 + -4 + -28 + 22 + 12?
4
Calculate 2 - (-3 + 32 - 28).
1
Calculate 6 + -2 + (1 - 9) + 9.
5
Evaluate (40 - 10) + -25 - -20.
25
What is the value of 19 + (-10 - -6) + 15 + -13?
17
What is the value of (-7 - -17 - 4) + -7 + -1 - -7?
5
What is the value of 2 - (-27 